 factor of d and 13.
13
Suppose -11*b + 3689 + 1239 = 0. Calculate the highest common factor of 56 and b.
56
Let p(v) = -6*v - 2 + 1 - 9 - 5. Let r be p(-4). What is the highest common divisor of 27 and r?
9
Suppose 4*d = d + 45. Suppose -5*j - 11 - 9 = 0. Let h(q) = q**2 + 3*q + 6. Let c be h(j). What is the highest common factor of c and d?
5
Suppose 66*r - 62*r - 60 = 0. Calculate the greatest common divisor of 705 and r.
15
Let l be 6/(-8) + (-1173)/(-92). What is the highest common factor of 12 and l?
12
Let n = 738 - 562. Calculate the greatest common divisor of 110 and n.
22
Suppose -4 = 2*w, 2*w = -4*j - 0*w + 496. Suppose j = 3*p - 46. Calculate the highest common divisor of p and 19.
19
Let x be ((-50)/(-40) - -1)*184. What is the greatest common divisor of 12 and x?
6
Suppose -5*d = -3*m + 211, -4*m + 0 = d - 289. What is the highest common divisor of m and 81?
9
Suppose 0 = 902*x - 912*x + 100. Let r be 49/2 + (-2)/(-4). What is the greatest common divisor of x and r?
5
Let f(c) = 10*c**2 + 11*c + 77. Let m(x) = 3*x**2 + 4*x + 26. Let g(j) = -2*f(j) + 7*m(j). Let z be g(-4). What is the highest common divisor of 50 and z?
10
Let u be 5/10*208/2. What is the highest common divisor of 20 and u?
4
Let o be 80/(-6)*(86/10 + -5). Let k = o + 84. Calculate the highest common factor of k and 60.
12
Let p = 23 - 20. Suppose -p = -3*l + 3. Suppose 4*k + 5*v - 66 = k, 11 = k - l*v. Calculate the greatest common factor of 153 and k.
17
Suppose -2 + 0 = -2*q. Suppose -q = -5*b + 9. Suppose 0 = 4*h + k - 680, -3*h - 170 = -b*k - 691. Calculate the highest common factor of 19 and h.
19
Suppose -b + 2*t + 74 = 0, -t = -6*b + b + 370. What is the highest common divisor of 8 and b?
2
Let y(o) = -4*o**2 + 15*o - 25. Let q(n) = 5*n**2 - 15*n + 25. Let r(f) = -2*q(f) - 3*y(f). Let g be r(13). What is the highest common factor of g and 21?
21
Let r(p) = 2*p**2 + 12*p - 36. Let s be r(-9). What is the greatest common factor of s and 24?
6
Let o = 161 - 89. Calculate the highest common factor of o and 240.
24
Let p = -672 + 680. What is the greatest common factor of 96 and p?
8
Suppose 0 = -j - 2*a - 0*a + 69, 0 = -a + 4. Let s be j/4 + 14/(-56). Suppose 0 = 3*k - 8 - 22. What is the highest common factor of k and s?
5
Let i be -3 + (-2)/(-2) - (-3 + 1). Suppose i = -5*v + 13*v - 40. Calculate the greatest common factor of 65 and v.
5
Let t be (-1044)/(-8)*(-4)/(-6). Let q = t - 9. Let h = 155 - q. Calculate the greatest common factor of 7 and h.
7
Suppose 2*a + 2*q - 56 = 0, a = 5*a + 5*q - 110. Calculate the greatest common divisor of a and 720.
30
Let d be 41664/(-2480)*(-60)/14. Suppose -3*t + 4 = 4*r, -4*r + 5*t + 3 = -1. Let q be (-4)/(r + (-8)/6). What is the greatest common factor of d and q?
12
Let v = 2 - -61. Suppose -s + 5 = -0*s + 4*r, 5*r + 41 = 4*s. What is the highest common divisor of v and s?
9
Let v be (14 + -1 + 6)/((-5)/(-10)). Calculate the greatest common factor of v and 3059.
19
Let b(n) = 27*n - 651. Let r be b(27). What is the highest common factor of r and 2886?
78
Suppose -4*p + p + 15 = 0. Suppose -3*m + 244 = -3*v + 2*v, 0 = -p*m - 10. Let j be (4/10)/((-10)/v). What is the greatest common divisor of 30 and j?
10
Let r(m) = 28*m - 52. Let s be r(5). Calculate the highest common factor of s and 8.
8
Let h = -7 - -7. Suppose h*u + 2*u + 18 = 0. Let l(j) = -j + 7. Let n be l(u). Calculate the highest common divisor of 24 and n.
8
Suppose -5*v + 8*v - 66 = 0. Suppose -g - 4 = -59. Calculate the greatest common divisor of g and v.
11
Let n(r) = 7*r**2 + r**2 - 3*r**2. Let z be n(1). Suppose 4*t + 7*t - 440 = 0. Calculate the greatest common divisor of z and t.
5
Suppose -210 = 41*v - 48*v. What is the highest common divisor of 24 and v?
6
Let r = 18 + -15. Suppose -2*n + r*n - 74 = -5*o, 0 = -4*o + 3*n + 44. Let s be 0 + 1/(2/84). What is the greatest common factor of s and o?
14
Let b(o) = 62*o**2 - 3*o + 3. Let j be b(1). Calculate the highest common divisor of j and 217.
31
Let v be -21*(12/(-60))/((-2)/(-10)). Calculate the highest common factor of v and 6.
3
Suppose 4*l = 2*d + 2*d - 2700, 5*d - 3*l - 3385 = 0. Suppose -3*p + 2*s = 40 - 550, -d = -4*p - 2*s. Calculate the greatest common factor of 34 and p.
34
Let k(p) = -p**3 - 3*p**2 - 5*p - 2. Let y be k(-3). Let g be (0 - (-12)/(-18))/(8/(-396)). Let a = g - y. What is the highest common factor of 5 and a?
5
Suppose 0 = 2*q - 2*v, 3*q - 4 + 0 = v. Suppose 0 = 3*l + q*l - 20. Suppose -4*t = -l - 0. What is the greatest common divisor of t and 11?
1
Let b(c) = 3*c + 22. Let t(a) = 1. Let r(u) = b(u) + 4*t(u). Let z be r(0). Let h = -23 + z. Calculate the highest common divisor of h and 12.
3
Let x be (133/(-49) - -3) + 721/49. What is the highest common divisor of 885 and x?
15
Let w = -16 - -9. Let n = 4 + w. Let j(p) = -p**3 - 3*p**2 - p + 4. Let i be j(n). What is the highest common factor of 7 and i?
7
Suppose 0 = -l - 17 + 24. Let f = -2 - -5. Suppose 0 = a + f*a - 112. What is the greatest common factor of a and l?
7
Suppose -9*f = -8*f - 5. Suppose s - f*p - 18 = -s, 5*p - 2 = -3*s. Let x(w) = 2*w - 4. Let y be x(4). Calculate the highest common divisor of s and y.
4
Let c(v) = 34*v - 15. Let d be c(5). Suppose -4*l + 5*n = -d, 4*n = -5*l + 32 + 172. What is the highest common factor of 16 and l?
8
Suppose 0*w = -6*w + 1902. Suppose 8*y = w + 91. Calculate the highest common factor of 153 and y.
51
Suppose -34*z + 35*z = 5*v + 79, -5*z - 3*v + 283 = 0. Calculate the highest common factor of z and 649.
59
Suppose -3*l = -4*l - 145. Let q = 293 + l. Suppose -q = -4*w - 5*x + 80, -2*w + 114 = -4*x. Calculate the highest common factor of 38 and w.
19
Suppose 6*b = b + 450. Suppose 0 = v + 35 - 41. What is the highest common divisor of b and v?
6
Let y be (-1)/(1/(-21*1)). Let l = y + -16. Suppose 0*c - 2*c - l*b = -54, 5*c - 4*b = 168. What is the highest common factor of 8 and c?
8
Suppose -4 = -4*c + 8. Let t(s) = 13 - 9*s**3 + 8*s**3 + 8*s**2 - 10*s + c*s**2. Let y be t(10). What is the highest common factor of y and 13?
13
Suppose -l = -2*i - 170, -3*i + 469 = 4*l - 200. What is the highest common factor of 48 and l?
24
Let z(m) = 12*m. Let h be z(4). Let i = 13 + -3. Let w be 74 + 1/((-5)/i). Calculate the highest common factor of h and w.
24
Suppose 26 - 6 = -d. Suppose -3*u = -3, -3*t + 39 + 124 = u. Let a = d + t. Calculate the greatest common factor of 136 and a.
34
Let q(y) = 56*y + 86. Let k be q(-1). Calculate the greatest common divisor of 2055 and k.
15
Let d(q) = -q**3 + 13*q**2 + 16*q - 16. Let l be d(14). Suppose -2*r = 2*m - 54, -r - 3*m - 39 = -3*r. Calculate the greatest common factor of r and l.
12
Let f be 26/52*(1 + -65)/(-2). Let s(v) = 2*v**2 + 2*v. Let y be s(-9). What is the highest common divisor of y and f?
16
Let k = -289 + 445. What is the highest common factor of k and 364?
52
Suppose -2*h + 8 = 2*h, 4*y + 4*h - 708 = 0. Calculate the greatest common divisor of 35 and y.
35
Let b(y) = y**3 - 7*y**2 + 3*y. Let k be b(7). Suppose 672 = 3*j + j. Suppose -j = -2*s - 0*s. Calculate the highest common factor of k and s.
21
Let a(i) = 4*i**2 - i + 1. Let p be a(5). Let b = -10 - -28. Let n be 228/b + (-2)/3. Calculate the highest common factor of n and p.
12
Let a(m) = 3*m**2 - 16*m + 4. Let x be a(7). Calculate the greatest common factor of 91 and x.
13
Suppose -33*x - 6417 = -56*x. What is the highest common factor of 31 and x?
31
Let d(c) = 2*c**2 - 22*c + 25. Let g be d(10). Suppose -2*k + 3 = 5*y, -2 = 5*y + 3*k - 4. What is the highest common factor of y and g?
1
Let f(i) = -2*i + 23. Let z be f(11). Let r(o) = o**3 + 7*o**2 - 7*o + 11. Let p be r(-8). What is the highest common factor of p and z?
1
Suppose 10374 = 12*b - 2874. What is the greatest common divisor of b and 48?
48
Let s = 2313 - 2289. Calculate the highest common divisor of s and 168.
24
Suppose 3072 = 299*u - 287*u. Calculate the highest common divisor of 8 and u.
8
Let g = 30 - 25. Suppose 144 = -g*n + 504. Suppose -m = 2*m - 24. Calculate the highest common divisor of m and n.
8
Let c be ((20/6)/5)/(8/24). What is the greatest common divisor of 34 and c?
2
Let j be (-220)/(-14) + (-2)/(-7). Let g(f) = 5*f**2 - 97*f - 388. Let o be g(-4). Calculate the greatest common